?
True
Suppose 5*g - 16 + 6 = 0. Let v = g - -21. Let c = -14 + v. Is c composite?
True
Let f = 86663 + -12416. Is f prime?
False
Suppose -s + 6*s - 32105 = 0. Is s composite?
False
Is 23692*(-5*9/12 - -4) a composite number?
False
Let d = -104 - -526. Suppose -16*g + 5*g = -44. Suppose 2*x = g*x - d. Is x a composite number?
False
Let j(i) be the first derivative of -i**4/4 + i**3/3 + i**2 + i + 9. Let y(g) = -g**2 + 5*g + 3. Let z be y(6). Is j(z) a prime number?
True
Let u(p) be the second derivative of 71*p**3/3 + 11*p**2/2 - 11*p. Is u(6) a composite number?
False
Let f = 5796 + 763. Is f a composite number?
True
Suppose 2*p - 1 = 431. Suppose t = 203 + p. Suppose -y + 5*o = -t, -o = 3*y + o - 1257. Is y a composite number?
False
Suppose 2*h - h = 5167. Is h composite?
False
Let f = 632 + 441. Suppose 0 = -b + 2*i + f, -4*b + 2134 = -2*b + 2*i. Is b prime?
True
Let s be ((-38)/4)/(-2*6/2064). Suppose 4*o = -78 + s. Is o a prime number?
True
Let g be (-2 - 6)/(1/(-2)). Suppose -5*c - g - 13 = -4*r, r = -4*c + 2. Is r a prime number?
False
Suppose 6*y = 228 + 1974. Is y composite?
False
Let f = 14256 - 8737. Is f prime?
True
Suppose 0*c = 6*c + 7*c. Let j(v) = v**3 + v**2 + v + 1916. Let s be j(0). Suppose -4*h + s = -c*h. Is h a composite number?
False
Let w be 78 - (0 - (-3 + 2)). Let b be 330/w - 4/14. Suppose b*d - 471 = d. Is d composite?
False
Let w be (3 - 5 - -2)/(-1) + 894. Suppose -1105 = -5*x + 2*q, 2*q = 3*x - w + 235. Is x a prime number?
True
Let k(j) = 133*j + 48. Let p(r) = -r**2 - 7*r + 7. Let n be p(-5). Is k(n) a composite number?
False
Let t(o) = -o**3 + o**2 + o + 1. Let s be t(-1). Let g(a) = -s + 9*a**2 + 1 + 3*a + 0. Is g(6) prime?
False
Let t(j) = -j**3 - 2*j**2 - 3*j - 6. Let k be t(-3). Suppose -3*s - 2*s + 95 = 0. Let i = k + s. Is i a composite number?
False
Let n be -120*-6*2/(-10)*-30. Let p = n + -1465. Is p a composite number?
True
Let r be 6/4*(-7 - -13). Let i be (-2)/7 - 19/7. Let x = i + r. Is x a composite number?
True
Suppose 0 = -4*t + 4 + 12. Suppose -t*n + 3*g = -96, 0*n + 4*n + g = 96. Is n + -1*3/1 prime?
False
Let m(f) = 188*f - 3. Let t be m(13). Let c(i) = -53*i**2 + i. Let h be c(-5). Let j = h + t. Is j a prime number?
False
Suppose 2*m - 5*m - 6663 = 0. Let i = -488 - m. Is i a prime number?
True
Suppose 0 = 6*d - 3*d + 1803. Let r = 960 - d. Is r prime?
False
Is (-9)/(64/96*(-9)/2798) composite?
True
Suppose -8 = 6*y - 8*y. Suppose 21 = -4*u + 5*m, 3*m = y*u + u + 23. Let k(x) = -50*x + 3. Is k(u) composite?
True
Let i(v) = 1604*v**2 + 2*v + 8. Let y be i(-2). Suppose -10*h + y + 24470 = 0. Is h a prime number?
True
Suppose -3*j = -4*y + 23, 4*y + 4 = -5*j - 13. Suppose -l - y*l = -1188. Let s = l - 181. Is s a composite number?
True
Suppose 551 = -2*f - 0*f - 3*a, -f - 277 = 2*a. Let z = -424 + 806. Let b = f + z. Is b a composite number?
True
Let r(a) = 2584*a - 13. Is r(2) composite?
True
Let z(m) = 5*m + m**2 - 5*m**3 + m**3 + 8 - 3*m**3. Is z(-3) a composite number?
False
Let b(p) = 55*p - 29. Let k be b(10). Let z = 738 + k. Is z a prime number?
True
Suppose y - 4*g = 2859, 22*y + 2869 = 23*y + g. Is y a prime number?
False
Let h be 45/20 - (-6)/8. Suppose -257 = -h*r - y - 0*y, -3*r = -2*y - 251. Is r a prime number?
False
Let u(w) = 2*w + 203. Let k be 0 - (5 + -1 - 4). Let y be u(k). Let b = 134 + y. Is b a composite number?
False
Suppose 0 = -5*y - 5*t + 350715, 4*y - 4*t = -y + 350733. Is y composite?
True
Let r(a) = -3*a - 8. Let n be r(4). Let w(l) = 24*l**2 - 20*l - 39. Is w(n) a prime number?
False
Let w = 980 + -271. Is w a composite number?
False
Suppose 4*r = 5*i + 28096, -16 = -3*i + 7*i. Is r a prime number?
True
Let b(i) = i**2 - 13*i - 6. Let p be b(13). Suppose -y + 17806 = -d + 3*y, 5*d + 89122 = -3*y. Is d/(-57)*p/(-4) prime?
False
Let c(y) be the third derivative of 233*y**4/12 + y**3/2 + 10*y**2. Is c(1) a composite number?
True
Let v be 2/(7/((-1169)/(-2))). Suppose -7 + 2 = f, 0 = -g - f + v. Let m = g - 77. Is m a composite number?
True
Let c = -3373 - -8552. Is c a composite number?
False
Suppose 5*g + d - 20 = -0*g, 2*d = 5*g - 5. Suppose 0 = g*p - 375 - 276. Is p a prime number?
False
Let s(p) be the first derivative of -1/2*p**2 + 40/3*p**3 + 5 - p. Is s(1) a composite number?
True
Suppose -g + 3*a = -1, -5*g + 6*a = 3*a - 29. Suppose -4 = -f - d, g*d = 3*f + 4*d + 12. Let o = 7 - f. Is o prime?
True
Let b(j) = 8*j**2 - 4*j + 13. Let n = 6 - 12. Let i be b(n). Let d = i + -191. Is d composite?
True
Let l = 28 - 23. Let d(w) = 139*w - 12. Is d(l) a composite number?
False
Let a = -321 - -1090. Is a prime?
True
Suppose s - 5*d = 8, 4*s + 0*s = 5*d + 17. Suppose 2*w = 3*w - s*k - 98, 3*w - 289 = 4*k. Suppose -5*y + 10*y - w = 0. Is y a composite number?
False
Suppose a - 5442 = -2*x, 0 = -4*x + x - 2*a + 8161. Suppose -4*t = -8127 + x. Is t a composite number?
True
Suppose 3*o - 14 = -5. Let h be ((-28)/(-8) - o)*6. Suppose 3*j - h*u + 309 = 4*j, -3*j - 5*u = -919. Is j a prime number?
False
Is (0 + (3 - 0))*(-17482)/(-6) prime?
True
Let r be 0 + (-95)/((-20)/4). Suppose k - 1 = 1. Let y = k + r. Is y a prime number?
False
Suppose x = p + 7789, x = 2*p + 2*p + 7789. Is x a prime number?
True
Suppose -4*h = -h - 18. Let v be (-8)/(-10)*885/h. Suppose -c - c = -v. Is c prime?
True
Let q(s) = 26*s**3 + 8*s**2 - 4*s + 7. Is q(3) prime?
True
Suppose 11*n + 35624 = 2*u + 13*n, -3*u = 5*n - 53442. Is u a prime number?
False
Suppose 5*g - 48066 = 36*b - 35*b, -2*g + 5*b + 19231 = 0. Is g composite?
False
Suppose m = 4*p - 0*p + 963, -995 = -m - 4*p. Is m composite?
True
Suppose -2*h + 12222 = -4*n, 2*h - 3*n = 2*n + 12227. Is h prime?
True
Let m = 796 - 156. Let c = m - 119. Is c composite?
False
Let n(t) = 5*t + 105. Is n(8) a prime number?
False
Let b(d) = 2*d - 2 + 0*d + 52*d**2 + 3*d**2. Let s(p) = -p**3 - 3*p**2 + 4*p + 3. Let h be s(-4). Is b(h) prime?
True
Suppose -5*x = -x. Suppose x = n - z - 3, 0*z - z = 1. Suppose 0 = n*o, 3*c - 6*o - 30 = -o. Is c a composite number?
True
Suppose -7*n - 6206 + 340 = 0. Let i = 3777 + n. Is i a composite number?
False
Suppose 3844 = 4*k + 88. Let c = 272 - k. Is c/(-6) - (-2)/(-12) prime?
False
Let u(z) = z - 5. Let r be u(10). Let i(c) = 4*c**3 - 6*c**3 + 5*c**2 - 2 + 3*c**3 - c**2. Is i(r) a prime number?
True
Suppose 2*q + 5*v = 21, 0*v + 9 = 2*q + v. Suppose q*c - 904 = -151. Is c a composite number?
False
Suppose 5*x + 6534 = 3*q - 0*x, -4*q + x + 8695 = 0. Is q a composite number?
True
Suppose 2*p = -6, -28154 - 1778 = 5*x - p. Let n = -4254 - x. Is n composite?
False
Let q = 82046 - 54327. Is q a composite number?
True
Let p(k) = -k**3 + 6*k**2 - 5*k + 3. Let b be p(4). Is (-3)/(-5) + 18066/b prime?
False
Let k = -771 - -2332. Is k a composite number?
True
Suppose 24*h + 22 = -2. Let a(p) be the third derivative of 109*p**5/30 + p**4/12 + p**3/6 - p**2. Is a(h) a prime number?
False
Let f be (-1722)/(-24) + (-6)/8. Suppose i + 60 = 2*i - 5*u, -3*i = -u - 124. Let w = f - i. Is w prime?
True
Let c(t) = -t**2 + 4*t + 1. Let y = 1 - -1. Let w be c(y). Suppose 4*d + 206 = i - d, -5*d - 970 = -w*i. Is i prime?
True
Suppose -5*p - 3414 = 4*d, 3*p + 2559 = d - 4*d. Let u = 2612 + d. Is u a prime number?
False
Suppose 4*i + 6186 = -3*g, i + 6*g + 1540 = 2*g. Is 2/7 + (i/(-21) - -3) composite?
True
Let m be 4/12 - 5/(-3). Suppose m*j + 2*j = 0. Suppose 4*s - 4*d - 292 = 720, j = s - 2*d - 255. Is s composite?
False
Suppose h + 0*h = 7070. Suppose c = 4*l - 5647, -5*c = 5*l - 10*c - h. Is l a prime number?
False
Is 2603645/(-22)*(51/(-15) - -3) prime?
True
Let l = -49 - -37. Is (201 - l/4) + -1 prime?
False
Suppose -3*o - 33 = -6*o. Let t = o - 11. Suppose 5*i - 89 = 4*y, -2*i + t*y + 54 = 3*y. Is i a prime number?
False
Let m = 48 - 54. Let h(r) = -76*r + 13. Is h(m) composite?
True
Let q(s) = -420*s + 247. Is q(-27) a prime number?
True
Let n = 1021 - -679. Let b = 31 + n. Is b a prime number?
False
Suppose n + 4*f - 15 = 0, -3*f + 24 = n - 2*f. Suppose -b - 2*b + n = 0. Let q(w) = 17*w - 10. Is q(b) a composite number?
True
Let p(j) = 53*j + 10. Let k be p(-4). Suppose -1986 = 4*b + 2*b. Let u = k - b. Is u prime?
False
Let h(r) = -4800*r + 11. Is h(-3) a composite number?
False
Let h be (-3 - 39/(-12))/(1/(-4)). Let c